 is v(33)?
-10
Let g(i) = i**3 + 7*i**2 - 8*i - 60. Give g(-7).
-4
Let w(v) = 3*v - 33. Calculate w(7).
-12
Let c(l) = l**3 + l**2 + 3*l + 21. Give c(-3).
-6
Let g(d) = d**3 - 7*d**2 + 6*d - 3. Determine g(6).
-3
Let u(l) = -l**2 + l - 5. Determine u(0).
-5
Let w(r) = 2*r + 13. Calculate w(-5).
3
Let s(a) = -8*a**3 - 3*a**2 + a + 2. Calculate s(-1).
6
Let j(g) = 6*g + 274. Determine j(-46).
-2
Let o(l) = l**2 + 5*l + 17. Give o(-12).
101
Let j(k) = -8*k + 33. Determine j(6).
-15
Let k(c) = 2*c**3 - c. What is k(-1)?
-1
Let w(z) = -3*z**3 - 2*z**2 + 5*z + 6. What is w(-2)?
12
Let q(t) = -t**3 - 13*t**2 - 14*t + 28. Determine q(-12).
52
Let n(w) = -38*w + 25. What is n(1)?
-13
Let l(r) = -r**2 + 7*r - 12. Determine l(5).
-2
Let q(g) = -g**3 + 5*g**2 + 2*g - 3. Determine q(5).
7
Let o(p) = p**3 + 17*p**2 + 18*p + 8. Give o(-16).
-24
Let c(z) = -z + 104. Give c(7).
97
Let b(p) = p**3 - 9*p**2 - 6*p - 2. What is b(10)?
38
Let g(o) = o - 6. What is g(1)?
-5
Let j(a) = 7*a + 7. Determine j(-2).
-7
Let b(v) = -v - 4. What is b(-12)?
8
Let b(n) = -n**2 + 21*n - 103. Calculate b(13).
1
Let f(q) = q + 44. Determine f(-12).
32
Let f(s) = -9*s - 14. Determine f(-7).
49
Let a(t) = -t**2 + 4*t + 2. Give a(3).
5
Let u(a) = -54*a + 265. What is u(5)?
-5
Let y(s) = -4*s**2 + 19*s - 4. What is y(2)?
18
Let o(h) = 5*h**2 + 3. Calculate o(3).
48
Let m(p) = -32*p**2 - 3*p + 1. Determine m(1).
-34
Let o(d) = -d**2 + 7*d - 2. Determine o(3).
10
Let n(b) = -2*b**2 + 12*b + 11. Determine n(7).
-3
Let p(o) = -o**2 - 4*o + 13. What is p(-6)?
1
Let b(q) = -16*q + 3. Determine b(0).
3
Let x(d) = d + 2. Give x(13).
15
Let k(s) = -10*s + 23. What is k(0)?
23
Let g(c) = 13*c + 135. Determine g(-9).
18
Let x(f) = f**3 + 9*f**2 + 13*f - 7. Give x(-7).
0
Let w(v) = -5*v + 11. Determine w(-8).
51
Let o(l) = 3*l + 9. Determine o(-3).
0
Let v(o) = o**3 + 5*o**2 + 7*o. Give v(-5).
-35
Let o(h) = -h**2 - 8*h - 7. Determine o(-2).
5
Let b(d) = -3*d + 4. Give b(3).
-5
Let v(l) = -3*l**2 + 19*l. Determine v(6).
6
Let y(v) = v**3 - 6*v**2 + 6*v + 5. Give y(5).
10
Let w(p) = 2*p**2 - 10*p + 18. Determine w(5).
18
Let i(d) = d**2 - 12*d + 7. Calculate i(12).
7
Let v(d) = 9*d**2 - d + 1. What is v(1)?
9
Let k(q) = q**2 + 10*q + 18. Determine k(-8).
2
Let n(u) = 117*u - 579. Give n(5).
6
Let k(g) = -4*g**3 - g**2 - g + 1. What is k(1)?
-5
Let c(r) = 4*r + 4. Give c(4).
20
Let o(l) = 24*l + 46. Give o(-2).
-2
Let a(d) = 4*d + 5. Determine a(-5).
-15
Let d(v) = v**2 + 5*v - 1. Give d(-5).
-1
Let q(i) = -i**2 + 8*i - 15. Determine q(10).
-35
Let l(r) = 5*r - 86. What is l(18)?
4
Let b(w) = -2*w + 14. Determine b(4).
6
Let b(z) = -3*z**2 + 8*z - 5. What is b(5)?
-40
Let o(q) = q**2 - 16*q + 15. Calculate o(15).
0
Let k(w) = -w**2 + 6*w + 6. Calculate k(7).
-1
Let n(b) = 2*b**3 - b**2 - 1. Calculate n(2).
11
Let p(q) = -3*q**2 + 37. Give p(-5).
-38
Let l(d) = -d**2 + 64*d + 123. What is l(-2)?
-9
Let a(x) = 3*x - 9. Determine a(7).
12
Let t(u) = -4*u**2 - 2*u + 2. Determine t(-2).
-10
Let d(u) = -u**3 + 6*u**2 + 5*u - 23. Calculate d(6).
7
Let b(a) = a**3 - 2*a**2 + 2*a + 7. What is b(3)?
22
Let v(q) = q**3 - 11*q**2 - 10*q + 15. Determine v(12).
39
Let l(d) = -d**2 + 12*d - 28. Determine l(8).
4
Let w(p) = p**3 - 14*p**2 + 24*p + 6. Determine w(12).
6
Let m(d) = d**3 + 6*d**2 + 4*d - 4. Calculate m(-5).
1
Let w(b) = -b**3 + 8*b**2 - 9*b - 1. What is w(6)?
17
Let b(u) = u - 13. Determine b(0).
-13
Let u(v) = v**2 - 9*v + 14. Determine u(9).
14
Let n(y) = y**2 + 25*y + 48. What is n(-2)?
2
Let u(k) = -k - 59. Calculate u(0).
-59
Let v(o) = o**3 - 20*o**2 + 18*o + 35. Calculate v(19).
16
Let n(a) = a**2 - 4*a + 4. Give n(3).
1
Let t(o) = o + 10. Determine t(0).
10
Let h(l) = l**2 + 9*l + 6. Calculate h(-7).
-8
Let h(f) = f**3 - 26. Calculate h(0).
-26
Let x(t) = -t + 1. Determine x(8).
-7
Let t(a) = 25*a + 15. Calculate t(-5).
-110
Let t(u) = 2*u + 8. Give t(-10).
-12
Let u(k) = -k + 16. What is u(9)?
7
Let m(f) = -f**2 + 8*f + 20. Determine m(14).
-64
Let a(l) = 2*l**2 - 10*l - 2. What is a(7)?
26
Let o(j) = -j**3 - 9*j**2 - 2*j + 1. Calculate o(-9).
19
Let b(p) = -p**2 + 64. Calculate b(-8).
0
Let l(u) = -125*u - 1. Give l(-1).
124
Let u(h) = h**3 + 8*h**2 - 31*h + 15. Give u(-11).
-7
Let a(q) = -q + 4. Calculate a(-16).
20
Let n(o) = -o**2 + 20*o - 158. Calculate n(11).
-59
Let h(o) = -4*o**3 - o**2 - 2. What is h(2)?
-38
Let g(h) = 4*h**3 + 32*h**2 - 6. What is g(-8)?
-6
Let n(j) = -j**2 + 8*j - 6. Calculate n(6).
6
Let s(b) = b - 1. Calculate s(-6).
-7
Let p(v) = -v**2 - 12*v + 3. Determine p(-7).
38
Let n(k) = -k**3 + 19*k**2 - 18*k - 14. Calculate n(18).
-14
Let a(p) = -p**3 - 8*p**2 + 11*p + 12. Determine a(-9).
-6
Let k(u) = u**2 - 6*u + 7. Calculate k(8).
23
Let t(j) = -2*j**3 + 4*j**2 + 25*j - 48. Determine t(2).
2
Let c(k) = 40*k - 3. What is c(1)?
37
Let k(d) = d**2 - 30*d + 4. Determine k(30).
4
Let o(d) = -4*d**2 - 2*d - 2. Give o(-1).
-4
Let d(s) = -s**3 + 11*s**2 - 10*s + 4. Determine d(10).
4
Let j(h) = 5*h + 74. Calculate j(-13).
9
Let y(m) = -m**2 - 17*m + 49. What is y(-9)?
121
Let k(z) = 24*z + 104. Calculate k(-7).
-64
Let y(k) = k**3 - 15*k**2 - 15*k - 13. Calculate y(16).
3
Let s(o) = 2*o + 14. Calculate s(-10).
-6
Let l(b) = -b**3 - 6*b**2 - 4*b - 6. What is l(-4)?
-22
Let p(v) = -5*v + 2. Calculate p(-7).
37
Let z(j) = j**3 - 31*j**2 - 32*j + 4. Give z(32).
4
Let i(r) = -5*r + 64. Determine i(14).
-6
Let x(b) = -5*b - 6. Give x(6).
-36
Let m(s) = 7*s - 2. Calculate m(-2).
-16
Let t(n) = -n**3 - 3*n**2 - 2*n + 1. Give t(-2).
1
Let q(y) = y**2 + 3*y - 14. Determine q(-6).
4
Let q(x) = -2*x**3 - 2*x - 4. Determine q(3).
-64
Let t(b) = -b**3 + 7*b**2 - 7*b - 3. What is t(6)?
-9
Let j(r) = -r + 2. Give j(-7).
9
Let j(a) = -2*a + 11. Give j(7).
-3
Let o(f) = -3*f**2 - 47*f + 11. Calculate o(-16).
-5
Let k(g) = -g**3 - g**2 - g + 2. Give k(3).
-37
Let a(m) = 6*m - 90. What is a(15)?
0
Let v(x) = x**2 + 2*x + 8. What is v(-4)?
16
Let g(s) = s**2 + 10*s + 28. Determine g(-11).
39
Let m(o) = 32*o - 765. Determine m(24).
3
Let j(c) = c**2 - 19*c + 48. Give j(15).
-12
Let q(p) = -2*p**3 - p**2 + 2*p - 17. Determine q(0).
-17
Let t(r) = r**3 - 2*r**2 - 3*r + 5. What is t(1)?
1
Let w(d) = d**3 + 9*d**2 + 4*d + 13. Give w(-9).
-23
Let i(w) = 2*w - 9. Give i(4).
-1
Let y(j) = -3*j**3 + j**2 + 4*j - 4. Calculate y(2).
-16
Let k(p) = -p**3 - 10*p**2 + 12*p + 14. Give k(-11).
3
Let k(p) = p**2 + 5*p - 10. Calculate k(-7).
4
Let l(u) = u**2 + 8*u - 5. What is l(-8)?
-5
Let c(q) = 3*q - 10. Give c(6).
8
Let c(p) = p**3 - 5*p**2 + 5*p - 5. What is c(4)?
-1
Let k(p) = -7*p + 9. Determine k(14).
-89
Let l(h) = h**3 - 3*h**2 - 14*h + 15. Determine l(5).
-5
Let r(p) = 11*p - 5. Calculate r(-5).
-60
Let g(v) = 12*v**2 - 2*v + 1. Calculate g(1).
11
Let o(x) = -x**2 + 8*x - 11. What is o(7)?
-4
Let r(c) = -c + 26. What is r(-11)?
37
Let j(u) = u - 6. Give j(4).
-2
Let a(o) = -47*o. Calculate a(-1).
47
Let l(a) = a - 16. Give l(6).
-10
Let s(g) = -2*g**2 + 11*g - 7. Give s(7).
-28
Let r(z) = -10*z - 17. Determine r(-5).
33
Let k(n) = -n**3 - 3*n**2 - n. What is k(-2)?
-2
Let p(o) = o**2 - 4*o - 5. Give p(8).
27
Let o(m) = m**3 - 4*m**2 - 3*m + 13. Give o(4).
1
Let n(y) = y**2 + y - 7. Give n(-5).
13
Let y(f) = f**2 - 7*f + 2. Determine y(1).
-4
Let z(a) = 5*a - 41. Calculate z(9).
4
Let b(q) = 7*q. Calculate b(3).
21
Let g(l) = -6*l - 86. Give g(-14).
-2
Let t(k) = -k**3 - 32*k**2 + 101*k - 133. Calculate t(-35).
7
Let d(l) = -l**3 - 5*l**2 + 6*l + 2. Determine d(-6).
2
Let o(h) = 12*h**2 - 46*h - 10. What is o(4)?
-2
Let m(l) = -2*l + 43. Calculate m(23).
-3
Let o(b) = -b**3 + b**2 - b + 4. Calculate o(0).
4
Let y(w) = 59*w + 375. Calculate y(-7).
-38
Let z(o) = -20*o - 24. Give z(-2).
16
Let w(g) = -g**2 - 12*g - 15. Determine w(-15).
-60
Let a(r) = -10*r - 15. Calculate a(-2).
5
Let h(m) = -m**2 + 14*m - 47. Give h(13).
-34
Let o(f) = 5*f + 29. Determine o(-6).
-1
Let a(l) = l**2 - 16*l - 23. Calculate a(18).
13
Let t(x) = 13*x - 27. What is t(0)?
-27
Let j(c) = -c**2 + 96*c + 399. Calculate j(-4).
-1
Let u(w) = -17*w + 4. What is u(0)?
4
Let w(z) = z**3 - 7*z**2 - 4*z + 28. Calculate w(7).
0
Let p(t) = 5*t**3 + t**2. Calculate p(1).
6
Let g(t) = 61*t**3 + t**2 - 3*t + 1. What is g(1)?
60
Let 